{"id":3333,"date":"2018-11-28T19:01:27","date_gmt":"2018-11-28T18:01:27","guid":{"rendered":"http:\/\/www.voetbalschooluden.nl\/?page_id=3333"},"modified":"2025-10-19T20:28:54","modified_gmt":"2025-10-19T18:28:54","slug":"inschrijven-proeftraining","status":"publish","type":"page","link":"https:\/\/www.voetbalschooluden.nl\/index.php\/inschrijven-proeftraining\/","title":{"rendered":"Inschrijven proeftraining"},"content":{"rendered":"<section class=\"wpb-content-wrapper\"><p>[vc_row][vc_column][vc_custom_heading text=&#8221;Proeftraining&#8221; font_container=&#8221;tag:h2|font_size:32|text_align:left&#8221; use_theme_fonts=&#8221;yes&#8221;][vc_separator][vc_single_image image=&#8221;12284&#8243; img_size=&#8221;full&#8221; alignment=&#8221;center&#8221;][vc_column_text]Deelnemers van de Voetbalschool Uden hebben de kans om ook vriendjes of vriendinnetjes kennis te laten maken met <a href=\"https:\/\/www.voetbalschooluden.nl\/index.php\/trainenbijvoetbalschooluden\/\"><span style=\"text-decoration: underline;\">Voetbalschool Uden<\/span><\/a>!<\/p>\n<ul>\n<li>Elke introduc\u00e9 mag \u00e9\u00e9n proeftraining doen;<\/li>\n<li>Wij kunnen niet garanderen dat de introduc\u00e9s in hetzelfde trainingsgroepje komen als de Voetbalschool Uden deelnemers. De indeling van de groepjes gaat namelijk op niveau. Het trainingsmoment is wel hetzelfde, dus jullie kunnen elkaar sowieso veel zien!;<\/li>\n<li>Ken jij niemand die bij Voetbalschool Uden traint maar wil jij toch een proeftraining doen? Ook dan ben je meer dan welkom.<\/li>\n<\/ul>\n<p>&nbsp;<\/p>\n<p>De introduc\u00e9 kan hieronder het aanmeldingsformulier voor de proeftraining invullen. We zien jou graag terug op het voetbalveld![\/vc_column_text][vc_separator][\/vc_column][\/vc_row][vc_row][vc_column]\n<div class=\"wpcf7 no-js\" id=\"wpcf7-f3344-o1\" lang=\"nl-NL\" dir=\"ltr\" data-wpcf7-id=\"3344\">\n<div class=\"screen-reader-response\"><p role=\"status\" aria-live=\"polite\" aria-atomic=\"true\"><\/p> <ul><\/ul><\/div>\n<form action=\"\/index.php\/wp-json\/wp\/v2\/pages\/3333#wpcf7-f3344-o1\" method=\"post\" class=\"wpcf7-form init\" aria-label=\"Contactformulier\" novalidate=\"novalidate\" data-status=\"init\">\n<fieldset class=\"hidden-fields-container\"><input type=\"hidden\" name=\"_wpcf7\" value=\"3344\" \/><input type=\"hidden\" name=\"_wpcf7_version\" value=\"6.1.5\" \/><input type=\"hidden\" name=\"_wpcf7_locale\" value=\"nl_NL\" \/><input type=\"hidden\" name=\"_wpcf7_unit_tag\" value=\"wpcf7-f3344-o1\" \/><input type=\"hidden\" name=\"_wpcf7_container_post\" value=\"0\" \/><input type=\"hidden\" name=\"_wpcf7_posted_data_hash\" value=\"\" \/><input type=\"hidden\" name=\"_wpcf7cf_hidden_group_fields\" value=\"[]\" \/><input type=\"hidden\" name=\"_wpcf7cf_hidden_groups\" value=\"[]\" \/><input type=\"hidden\" name=\"_wpcf7cf_visible_groups\" value=\"[]\" \/><input type=\"hidden\" name=\"_wpcf7cf_repeaters\" value=\"[]\" \/><input type=\"hidden\" name=\"_wpcf7cf_steps\" value=\"{}\" \/><input type=\"hidden\" name=\"_wpcf7cf_options\" value=\"{&quot;form_id&quot;:3344,&quot;conditions&quot;:[{&quot;then_field&quot;:&quot;-1&quot;,&quot;and_rules&quot;:[{&quot;if_field&quot;:&quot;speler-keeper&quot;,&quot;operator&quot;:&quot;not equals&quot;,&quot;if_value&quot;:&quot;Keeper&quot;}]}],&quot;settings&quot;:{&quot;animation&quot;:&quot;yes&quot;,&quot;animation_intime&quot;:200,&quot;animation_outtime&quot;:200,&quot;conditions_ui&quot;:&quot;normal&quot;,&quot;notice_dismissed&quot;:false,&quot;repeater_remove_button&quot;:&quot;bottom&quot;,&quot;notice_dismissed_update-cf7-5.7.2&quot;:true}}\" \/><input type=\"hidden\" name=\"_wpcf7_recaptcha_response\" value=\"\" \/>\n<\/fieldset>\n<div class=\"subscribe\">\n\t<h2>Personalia\n\t<\/h2>\n\t<p>Voor- en achternaam <span class=\"wpcf7-form-control-wrap\" data-name=\"naam\"><input size=\"40\" maxlength=\"400\" class=\"wpcf7-form-control wpcf7-text wpcf7-validates-as-required\" aria-required=\"true\" aria-invalid=\"false\" placeholder=\"\" value=\"\" type=\"text\" name=\"naam\" \/><\/span>\n\t<\/p>\n\t<p>Geboortedatum <span class=\"wpcf7-form-control-wrap\" data-name=\"geboortedatum\"><input size=\"40\" maxlength=\"400\" class=\"wpcf7-form-control wpcf7-text wpcf7-validates-as-required\" aria-required=\"true\" aria-invalid=\"false\" placeholder=\"\" value=\"\" type=\"text\" name=\"geboortedatum\" \/><\/span>\n\t<\/p>\n\t<p>Geslacht <span class=\"wpcf7-form-control-wrap\" data-name=\"geslacht\"><span class=\"wpcf7-form-control wpcf7-checkbox wpcf7-validates-as-required wpcf7-exclusive-checkbox\"><span class=\"wpcf7-list-item first\"><input type=\"checkbox\" name=\"geslacht\" value=\"Man\" \/><span class=\"wpcf7-list-item-label\">Man<\/span><\/span><span class=\"wpcf7-list-item\"><input type=\"checkbox\" name=\"geslacht\" value=\"Vrouw\" \/><span class=\"wpcf7-list-item-label\">Vrouw<\/span><\/span><span class=\"wpcf7-list-item last\"><input type=\"checkbox\" name=\"geslacht\" value=\"Overig\" \/><span class=\"wpcf7-list-item-label\">Overig<\/span><\/span><\/span><\/span>\n\t<\/p>\n\t<p>Straat en huisnummer <span class=\"wpcf7-form-control-wrap\" data-name=\"adres\"><input size=\"40\" maxlength=\"400\" class=\"wpcf7-form-control wpcf7-text wpcf7-validates-as-required\" aria-required=\"true\" aria-invalid=\"false\" placeholder=\"\" value=\"\" type=\"text\" name=\"adres\" \/><\/span>\n\t<\/p>\n\t<p>Postcode en woonplaats <span class=\"wpcf7-form-control-wrap\" data-name=\"postcodewoonplaats\"><input size=\"40\" maxlength=\"400\" class=\"wpcf7-form-control wpcf7-text wpcf7-validates-as-required\" aria-required=\"true\" aria-invalid=\"false\" placeholder=\"\" value=\"\" type=\"text\" name=\"postcodewoonplaats\" \/><\/span>\n\t<\/p>\n\t<p>Mobiel nummer <span class=\"wpcf7-form-control-wrap\" data-name=\"mobiel1\"><input size=\"40\" maxlength=\"400\" class=\"wpcf7-form-control wpcf7-text wpcf7-validates-as-required\" aria-required=\"true\" aria-invalid=\"false\" placeholder=\"\" value=\"\" type=\"text\" name=\"mobiel1\" \/><\/span>\n\t<\/p>\n\t<p>E-mail <span class=\"wpcf7-form-control-wrap\" data-name=\"emailadres\"><input size=\"40\" maxlength=\"400\" class=\"wpcf7-form-control wpcf7-email wpcf7-validates-as-required wpcf7-text wpcf7-validates-as-email\" aria-required=\"true\" aria-invalid=\"false\" placeholder=\"\" value=\"\" type=\"email\" name=\"emailadres\" \/><\/span>\n\t<\/p>\n\t<h2>Voetbal\n\t<\/h2>\n\t<p>Voetbalt bij <span class=\"wpcf7-form-control-wrap\" data-name=\"voetbalclub\"><input size=\"40\" maxlength=\"400\" class=\"wpcf7-form-control wpcf7-text wpcf7-validates-as-required\" aria-required=\"true\" aria-invalid=\"false\" placeholder=\"\" value=\"\" type=\"text\" name=\"voetbalclub\" \/><\/span>\n\t<\/p>\n\t<p>Team <span class=\"wpcf7-form-control-wrap\" data-name=\"team\"><input size=\"40\" maxlength=\"400\" class=\"wpcf7-form-control wpcf7-text wpcf7-validates-as-required\" aria-required=\"true\" aria-invalid=\"false\" placeholder=\"\" value=\"\" type=\"text\" name=\"team\" \/><\/span>\n\t<\/p>\n\t<p>Ik ben een... <span class=\"wpcf7-form-control-wrap\" data-name=\"speler-keeper\"><span class=\"wpcf7-form-control wpcf7-checkbox wpcf7-validates-as-required wpcf7-exclusive-checkbox\"><span class=\"wpcf7-list-item first\"><input type=\"checkbox\" name=\"speler-keeper\" value=\"Speler\" \/><span class=\"wpcf7-list-item-label\">Speler<\/span><\/span><span class=\"wpcf7-list-item last\"><input type=\"checkbox\" name=\"speler-keeper\" value=\"Keeper\" \/><span class=\"wpcf7-list-item-label\">Keeper<\/span><\/span><\/span><\/span>\n\t<\/p>\n\t<h2>Trainingskeuze\n\t<\/h2>\n\t<p>Met welke Voetbalschool Uden deelnemer ga jij een training mee doen? (optioneel) <span class=\"wpcf7-form-control-wrap\" data-name=\"vriendjevriendinnetje\"><input size=\"40\" maxlength=\"400\" class=\"wpcf7-form-control wpcf7-text\" aria-invalid=\"false\" placeholder=\"\" value=\"\" type=\"text\" name=\"vriendjevriendinnetje\" \/><\/span>\n\t<\/p>\n\t<p>Wanneer wil jij meetrainen? <span class=\"wpcf7-form-control-wrap\" data-name=\"trainingsdatum\"><select class=\"wpcf7-form-control wpcf7-select wpcf7-validates-as-required\" aria-required=\"true\" aria-invalid=\"false\" name=\"trainingsdatum\"><option value=\"\">&#8212;Kies een optie&#8212;<\/option><option value=\"22 mei 2026 (alleen nog plek voor keepers, of spelers van 10 jaar of ouder)\">22 mei 2026 (alleen nog plek voor keepers, of spelers van 10 jaar of ouder)<\/option><option value=\"29 mei 2026\">29 mei 2026<\/option><option value=\"5 juni 2026\">5 juni 2026<\/option><option value=\"12 juni 2026\">12 juni 2026<\/option><option value=\"19 juni 2026\">19 juni 2026<\/option><option value=\"26 juni 2026\">26 juni 2026<\/option><option value=\"3 juli 2026\">3 juli 2026<\/option><option value=\"28 augustus 2026\">28 augustus 2026<\/option><option value=\"4 september 2026\">4 september 2026<\/option><option value=\"11 september 2026\">11 september 2026<\/option><option value=\"18 september 2026\">18 september 2026<\/option><option value=\"25 september 2026\">25 september 2026<\/option><option value=\"2 oktober 2026\">2 oktober 2026<\/option><option value=\"9 oktober 2026\">9 oktober 2026<\/option><option value=\"16 oktober 2026\">16 oktober 2026<\/option><option value=\"30 oktober 2026\">30 oktober 2026<\/option><option value=\"6 november 2026\">6 november 2026<\/option><option value=\"13 november 2026\">13 november 2026<\/option><option value=\"20 november 2026\">20 november 2026<\/option><option value=\"27 november 2026\">27 november 2026<\/option><option value=\"4 december 2026\">4 december 2026<\/option><option value=\"11 december 2026\">11 december 2026<\/option><option value=\"18 december 2026\">18 december 2026<\/option><\/select><\/span>\n\t<\/p>\n\t<h2>Overige\n\t<\/h2>\n\t<p>Aanvullende info, opmerkingen of vragen (optioneel) <span class=\"wpcf7-form-control-wrap\" data-name=\"extra\"><textarea cols=\"40\" rows=\"10\" maxlength=\"2000\" class=\"wpcf7-form-control wpcf7-textarea\" aria-invalid=\"false\" placeholder=\"\" name=\"extra\"><\/textarea><\/span>\n\t<\/p>\n\t<p><a target=\"_blank\" href=\"http:\/\/www.voetbalschooluden.nl\/index.php\/voorwaarden\/\">Lees de algemene voorwaarden door hier te klikken<\/a>\n\t<\/p>\n\t<p><span class=\"wpcf7-form-control-wrap\" data-name=\"voorwaarden\"><span class=\"wpcf7-form-control wpcf7-checkbox wpcf7-validates-as-required\"><span class=\"wpcf7-list-item first last\"><input type=\"checkbox\" name=\"voorwaarden[]\" value=\"Ik ga akkoord met de voorwaarden\" \/><span class=\"wpcf7-list-item-label\">Ik ga akkoord met de voorwaarden<\/span><\/span><\/span><\/span>\n\t<\/p>\n\t<div class=\"submit\">\n\t\t<p><input class=\"wpcf7-form-control wpcf7-submit has-spinner\" type=\"submit\" value=\"Verzenden\" \/>\n\t\t<\/p>\n\t<\/div>\n<\/div><div class=\"wpcf7-response-output\" aria-hidden=\"true\"><\/div>\n<\/form>\n<\/div>\n[\/vc_column][\/vc_row]<\/p>\n<\/section>","protected":false},"excerpt":{"rendered":"<p>[vc_row][vc_column][vc_custom_heading text=&#8221;Proeftraining&#8221; font_container=&#8221;tag:h2|font_size:32|text_align:left&#8221; use_theme_fonts=&#8221;yes&#8221;][vc_separator][vc_single_image image=&#8221;12284&#8243; img_size=&#8221;full&#8221; alignment=&#8221;center&#8221;][vc_column_text]Deelnemers van de Voetbalschool Uden hebben de kans om ook vriendjes of vriendinnetjes kennis te laten maken met Voetbalschool Uden! Elke introduc\u00e9 mag \u00e9\u00e9n proeftraining doen; Wij kunnen niet garanderen dat de introduc\u00e9s in hetzelfde trainingsgroepje komen als de Voetbalschool Uden deelnemers. De indeling van de groepjes gaat namelijk [&hellip;]<\/p>\n","protected":false},"author":2,"featured_media":5275,"parent":0,"menu_order":0,"comment_status":"closed","ping_status":"closed","template":"page-templates\/with-right-sidebar.php","meta":{"_custom_body_class":"","_custom_post_class":"","footnotes":""},"class_list":["post-3333","page","type-page","status-publish","has-post-thumbnail","hentry"],"yoast_head":"<!-- This site is optimized with the Yoast SEO plugin v27.5 - https:\/\/yoast.com\/product\/yoast-seo-wordpress\/ -->\n<title>Inschrijven proeftraining - Voetbalschool Uden<\/title>\n<meta name=\"robots\" content=\"index, follow, max-snippet:-1, max-image-preview:large, max-video-preview:-1\" \/>\n<link rel=\"canonical\" href=\"https:\/\/www.voetbalschooluden.nl\/index.php\/inschrijven-proeftraining\/\" \/>\n<meta property=\"og:locale\" content=\"nl_NL\" \/>\n<meta property=\"og:type\" content=\"article\" \/>\n<meta property=\"og:title\" content=\"Inschrijven proeftraining - Voetbalschool Uden\" \/>\n<meta property=\"og:description\" content=\"[vc_row][vc_column][vc_custom_heading text=&#8221;Proeftraining&#8221; font_container=&#8221;tag:h2|font_size:32|text_align:left&#8221; use_theme_fonts=&#8221;yes&#8221;][vc_separator][vc_single_image image=&#8221;12284&#8243; img_size=&#8221;full&#8221; alignment=&#8221;center&#8221;][vc_column_text]Deelnemers van de Voetbalschool Uden hebben de kans om ook vriendjes of vriendinnetjes kennis te laten maken met Voetbalschool Uden! Elke introduc\u00e9 mag \u00e9\u00e9n proeftraining doen; Wij kunnen niet garanderen dat de introduc\u00e9s in hetzelfde trainingsgroepje komen als de Voetbalschool Uden deelnemers. De indeling van de groepjes gaat namelijk [&hellip;]\" \/>\n<meta property=\"og:url\" content=\"https:\/\/www.voetbalschooluden.nl\/index.php\/inschrijven-proeftraining\/\" \/>\n<meta property=\"og:site_name\" content=\"Voetbalschool Uden\" \/>\n<meta property=\"article:publisher\" content=\"https:\/\/www.facebook.com\/VoetbalschoolUden\" \/>\n<meta property=\"article:modified_time\" content=\"2025-10-19T18:28:54+00:00\" \/>\n<meta property=\"og:image\" content=\"https:\/\/www.voetbalschooluden.nl\/wp-content\/uploads\/2021\/04\/QY4A0206-scaled.jpg\" \/>\n\t<meta property=\"og:image:width\" content=\"2560\" \/>\n\t<meta property=\"og:image:height\" content=\"1689\" \/>\n\t<meta property=\"og:image:type\" content=\"image\/jpeg\" \/>\n<meta name=\"twitter:card\" content=\"summary_large_image\" \/>\n<meta name=\"twitter:site\" content=\"@voetbaluden\" \/>\n<meta name=\"twitter:label1\" content=\"Geschatte leestijd\" \/>\n\t<meta name=\"twitter:data1\" content=\"1 minuut\" \/>\n<script type=\"application\/ld+json\" class=\"yoast-schema-graph\">{\"@context\":\"https:\\\/\\\/schema.org\",\"@graph\":[{\"@type\":\"WebPage\",\"@id\":\"https:\\\/\\\/www.voetbalschooluden.nl\\\/index.php\\\/inschrijven-proeftraining\\\/\",\"url\":\"https:\\\/\\\/www.voetbalschooluden.nl\\\/index.php\\\/inschrijven-proeftraining\\\/\",\"name\":\"Inschrijven proeftraining - Voetbalschool Uden\",\"isPartOf\":{\"@id\":\"https:\\\/\\\/www.voetbalschooluden.nl\\\/#website\"},\"primaryImageOfPage\":{\"@id\":\"https:\\\/\\\/www.voetbalschooluden.nl\\\/index.php\\\/inschrijven-proeftraining\\\/#primaryimage\"},\"image\":{\"@id\":\"https:\\\/\\\/www.voetbalschooluden.nl\\\/index.php\\\/inschrijven-proeftraining\\\/#primaryimage\"},\"thumbnailUrl\":\"https:\\\/\\\/www.voetbalschooluden.nl\\\/wp-content\\\/uploads\\\/2021\\\/04\\\/QY4A0206-scaled.jpg\",\"datePublished\":\"2018-11-28T18:01:27+00:00\",\"dateModified\":\"2025-10-19T18:28:54+00:00\",\"breadcrumb\":{\"@id\":\"https:\\\/\\\/www.voetbalschooluden.nl\\\/index.php\\\/inschrijven-proeftraining\\\/#breadcrumb\"},\"inLanguage\":\"nl-NL\",\"potentialAction\":[{\"@type\":\"ReadAction\",\"target\":[\"https:\\\/\\\/www.voetbalschooluden.nl\\\/index.php\\\/inschrijven-proeftraining\\\/\"]}]},{\"@type\":\"ImageObject\",\"inLanguage\":\"nl-NL\",\"@id\":\"https:\\\/\\\/www.voetbalschooluden.nl\\\/index.php\\\/inschrijven-proeftraining\\\/#primaryimage\",\"url\":\"https:\\\/\\\/www.voetbalschooluden.nl\\\/wp-content\\\/uploads\\\/2021\\\/04\\\/QY4A0206-scaled.jpg\",\"contentUrl\":\"https:\\\/\\\/www.voetbalschooluden.nl\\\/wp-content\\\/uploads\\\/2021\\\/04\\\/QY4A0206-scaled.jpg\",\"width\":2560,\"height\":1689},{\"@type\":\"BreadcrumbList\",\"@id\":\"https:\\\/\\\/www.voetbalschooluden.nl\\\/index.php\\\/inschrijven-proeftraining\\\/#breadcrumb\",\"itemListElement\":[{\"@type\":\"ListItem\",\"position\":1,\"name\":\"Home\",\"item\":\"https:\\\/\\\/www.voetbalschooluden.nl\\\/\"},{\"@type\":\"ListItem\",\"position\":2,\"name\":\"Inschrijven proeftraining\"}]},{\"@type\":\"WebSite\",\"@id\":\"https:\\\/\\\/www.voetbalschooluden.nl\\\/#website\",\"url\":\"https:\\\/\\\/www.voetbalschooluden.nl\\\/\",\"name\":\"Voetbalschool Uden\",\"description\":\"-\",\"publisher\":{\"@id\":\"https:\\\/\\\/www.voetbalschooluden.nl\\\/#organization\"},\"potentialAction\":[{\"@type\":\"SearchAction\",\"target\":{\"@type\":\"EntryPoint\",\"urlTemplate\":\"https:\\\/\\\/www.voetbalschooluden.nl\\\/?s={search_term_string}\"},\"query-input\":{\"@type\":\"PropertyValueSpecification\",\"valueRequired\":true,\"valueName\":\"search_term_string\"}}],\"inLanguage\":\"nl-NL\"},{\"@type\":\"Organization\",\"@id\":\"https:\\\/\\\/www.voetbalschooluden.nl\\\/#organization\",\"name\":\"Voetbalschool Uden\",\"url\":\"https:\\\/\\\/www.voetbalschooluden.nl\\\/\",\"logo\":{\"@type\":\"ImageObject\",\"inLanguage\":\"nl-NL\",\"@id\":\"https:\\\/\\\/www.voetbalschooluden.nl\\\/#\\\/schema\\\/logo\\\/image\\\/\",\"url\":\"http:\\\/\\\/www.voetbalschooluden.nl\\\/wp-content\\\/uploads\\\/2016\\\/09\\\/logo-voetbalschool-uden-1.png\",\"contentUrl\":\"http:\\\/\\\/www.voetbalschooluden.nl\\\/wp-content\\\/uploads\\\/2016\\\/09\\\/logo-voetbalschool-uden-1.png\",\"width\":350,\"height\":80,\"caption\":\"Voetbalschool Uden\"},\"image\":{\"@id\":\"https:\\\/\\\/www.voetbalschooluden.nl\\\/#\\\/schema\\\/logo\\\/image\\\/\"},\"sameAs\":[\"https:\\\/\\\/www.facebook.com\\\/VoetbalschoolUden\",\"https:\\\/\\\/x.com\\\/voetbaluden\",\"https:\\\/\\\/www.instagram.com\\\/voetbalschooluden\\\/\"]}]}<\/script>\n<!-- \/ Yoast SEO plugin. -->","yoast_head_json":{"title":"Inschrijven proeftraining - Voetbalschool Uden","robots":{"index":"index","follow":"follow","max-snippet":"max-snippet:-1","max-image-preview":"max-image-preview:large","max-video-preview":"max-video-preview:-1"},"canonical":"https:\/\/www.voetbalschooluden.nl\/index.php\/inschrijven-proeftraining\/","og_locale":"nl_NL","og_type":"article","og_title":"Inschrijven proeftraining - Voetbalschool Uden","og_description":"[vc_row][vc_column][vc_custom_heading text=&#8221;Proeftraining&#8221; font_container=&#8221;tag:h2|font_size:32|text_align:left&#8221; use_theme_fonts=&#8221;yes&#8221;][vc_separator][vc_single_image image=&#8221;12284&#8243; img_size=&#8221;full&#8221; alignment=&#8221;center&#8221;][vc_column_text]Deelnemers van de Voetbalschool Uden hebben de kans om ook vriendjes of vriendinnetjes kennis te laten maken met Voetbalschool Uden! Elke introduc\u00e9 mag \u00e9\u00e9n proeftraining doen; Wij kunnen niet garanderen dat de introduc\u00e9s in hetzelfde trainingsgroepje komen als de Voetbalschool Uden deelnemers. De indeling van de groepjes gaat namelijk [&hellip;]","og_url":"https:\/\/www.voetbalschooluden.nl\/index.php\/inschrijven-proeftraining\/","og_site_name":"Voetbalschool Uden","article_publisher":"https:\/\/www.facebook.com\/VoetbalschoolUden","article_modified_time":"2025-10-19T18:28:54+00:00","og_image":[{"width":2560,"height":1689,"url":"https:\/\/www.voetbalschooluden.nl\/wp-content\/uploads\/2021\/04\/QY4A0206-scaled.jpg","type":"image\/jpeg"}],"twitter_card":"summary_large_image","twitter_site":"@voetbaluden","twitter_misc":{"Geschatte leestijd":"1 minuut"},"schema":{"@context":"https:\/\/schema.org","@graph":[{"@type":"WebPage","@id":"https:\/\/www.voetbalschooluden.nl\/index.php\/inschrijven-proeftraining\/","url":"https:\/\/www.voetbalschooluden.nl\/index.php\/inschrijven-proeftraining\/","name":"Inschrijven proeftraining - Voetbalschool Uden","isPartOf":{"@id":"https:\/\/www.voetbalschooluden.nl\/#website"},"primaryImageOfPage":{"@id":"https:\/\/www.voetbalschooluden.nl\/index.php\/inschrijven-proeftraining\/#primaryimage"},"image":{"@id":"https:\/\/www.voetbalschooluden.nl\/index.php\/inschrijven-proeftraining\/#primaryimage"},"thumbnailUrl":"https:\/\/www.voetbalschooluden.nl\/wp-content\/uploads\/2021\/04\/QY4A0206-scaled.jpg","datePublished":"2018-11-28T18:01:27+00:00","dateModified":"2025-10-19T18:28:54+00:00","breadcrumb":{"@id":"https:\/\/www.voetbalschooluden.nl\/index.php\/inschrijven-proeftraining\/#breadcrumb"},"inLanguage":"nl-NL","potentialAction":[{"@type":"ReadAction","target":["https:\/\/www.voetbalschooluden.nl\/index.php\/inschrijven-proeftraining\/"]}]},{"@type":"ImageObject","inLanguage":"nl-NL","@id":"https:\/\/www.voetbalschooluden.nl\/index.php\/inschrijven-proeftraining\/#primaryimage","url":"https:\/\/www.voetbalschooluden.nl\/wp-content\/uploads\/2021\/04\/QY4A0206-scaled.jpg","contentUrl":"https:\/\/www.voetbalschooluden.nl\/wp-content\/uploads\/2021\/04\/QY4A0206-scaled.jpg","width":2560,"height":1689},{"@type":"BreadcrumbList","@id":"https:\/\/www.voetbalschooluden.nl\/index.php\/inschrijven-proeftraining\/#breadcrumb","itemListElement":[{"@type":"ListItem","position":1,"name":"Home","item":"https:\/\/www.voetbalschooluden.nl\/"},{"@type":"ListItem","position":2,"name":"Inschrijven proeftraining"}]},{"@type":"WebSite","@id":"https:\/\/www.voetbalschooluden.nl\/#website","url":"https:\/\/www.voetbalschooluden.nl\/","name":"Voetbalschool Uden","description":"-","publisher":{"@id":"https:\/\/www.voetbalschooluden.nl\/#organization"},"potentialAction":[{"@type":"SearchAction","target":{"@type":"EntryPoint","urlTemplate":"https:\/\/www.voetbalschooluden.nl\/?s={search_term_string}"},"query-input":{"@type":"PropertyValueSpecification","valueRequired":true,"valueName":"search_term_string"}}],"inLanguage":"nl-NL"},{"@type":"Organization","@id":"https:\/\/www.voetbalschooluden.nl\/#organization","name":"Voetbalschool Uden","url":"https:\/\/www.voetbalschooluden.nl\/","logo":{"@type":"ImageObject","inLanguage":"nl-NL","@id":"https:\/\/www.voetbalschooluden.nl\/#\/schema\/logo\/image\/","url":"http:\/\/www.voetbalschooluden.nl\/wp-content\/uploads\/2016\/09\/logo-voetbalschool-uden-1.png","contentUrl":"http:\/\/www.voetbalschooluden.nl\/wp-content\/uploads\/2016\/09\/logo-voetbalschool-uden-1.png","width":350,"height":80,"caption":"Voetbalschool Uden"},"image":{"@id":"https:\/\/www.voetbalschooluden.nl\/#\/schema\/logo\/image\/"},"sameAs":["https:\/\/www.facebook.com\/VoetbalschoolUden","https:\/\/x.com\/voetbaluden","https:\/\/www.instagram.com\/voetbalschooluden\/"]}]}},"_links":{"self":[{"href":"https:\/\/www.voetbalschooluden.nl\/index.php\/wp-json\/wp\/v2\/pages\/3333","targetHints":{"allow":["GET"]}}],"collection":[{"href":"https:\/\/www.voetbalschooluden.nl\/index.php\/wp-json\/wp\/v2\/pages"}],"about":[{"href":"https:\/\/www.voetbalschooluden.nl\/index.php\/wp-json\/wp\/v2\/types\/page"}],"author":[{"embeddable":true,"href":"https:\/\/www.voetbalschooluden.nl\/index.php\/wp-json\/wp\/v2\/users\/2"}],"replies":[{"embeddable":true,"href":"https:\/\/www.voetbalschooluden.nl\/index.php\/wp-json\/wp\/v2\/comments?post=3333"}],"version-history":[{"count":27,"href":"https:\/\/www.voetbalschooluden.nl\/index.php\/wp-json\/wp\/v2\/pages\/3333\/revisions"}],"predecessor-version":[{"id":12285,"href":"https:\/\/www.voetbalschooluden.nl\/index.php\/wp-json\/wp\/v2\/pages\/3333\/revisions\/12285"}],"wp:featuredmedia":[{"embeddable":true,"href":"https:\/\/www.voetbalschooluden.nl\/index.php\/wp-json\/wp\/v2\/media\/5275"}],"wp:attachment":[{"href":"https:\/\/www.voetbalschooluden.nl\/index.php\/wp-json\/wp\/v2\/media?parent=3333"}],"curies":[{"name":"wp","href":"https:\/\/api.w.org\/{rel}","templated":true}]}}