{"id":4174,"date":"2020-06-07T18:02:18","date_gmt":"2020-06-07T16:02:18","guid":{"rendered":"http:\/\/www.voetbalschooluden.nl\/?page_id=4174"},"modified":"2020-06-07T18:24:19","modified_gmt":"2020-06-07T16:24:19","slug":"inschrijven-privetraining","status":"publish","type":"page","link":"https:\/\/www.voetbalschooluden.nl\/index.php\/inschrijven-privetraining\/","title":{"rendered":"Inschrijven priv\u00e9training"},"content":{"rendered":"<section class=\"wpb-content-wrapper\"><p>[vc_row][vc_column][vc_custom_heading text=&#8221;Aanmelden priv\u00e9training&#8221; use_theme_fonts=&#8221;yes&#8221;][vc_separator][vc_column_text]Klik <span style=\"text-decoration: underline;\"><a href=\"http:\/\/www.voetbalschooluden.nl\/index.php\/privetraining\/\">hier<\/a><\/span> voor meer informatie over priv\u00e9trainingen bij Voetbalschool Uden.[\/vc_column_text][vc_separator][\/vc_column][\/vc_row][vc_row][vc_column]\n<div class=\"wpcf7 no-js\" id=\"wpcf7-f2417-o1\" lang=\"nl-NL\" dir=\"ltr\" data-wpcf7-id=\"2417\">\n<div class=\"screen-reader-response\"><p role=\"status\" aria-live=\"polite\" aria-atomic=\"true\"><\/p> <ul><\/ul><\/div>\n<form action=\"\/index.php\/wp-json\/wp\/v2\/pages\/4174#wpcf7-f2417-o1\" method=\"post\" class=\"wpcf7-form init\" aria-label=\"Contactformulier\" novalidate=\"novalidate\" data-status=\"init\">\n<fieldset class=\"hidden-fields-container\"><input type=\"hidden\" name=\"_wpcf7\" value=\"2417\" \/><input type=\"hidden\" name=\"_wpcf7_version\" value=\"6.1.5\" \/><input type=\"hidden\" name=\"_wpcf7_locale\" value=\"nl_NL\" \/><input type=\"hidden\" name=\"_wpcf7_unit_tag\" value=\"wpcf7-f2417-o1\" \/><input type=\"hidden\" name=\"_wpcf7_container_post\" value=\"0\" \/><input type=\"hidden\" name=\"_wpcf7_posted_data_hash\" value=\"\" \/><input type=\"hidden\" name=\"_wpcf7cf_hidden_group_fields\" value=\"[]\" \/><input type=\"hidden\" name=\"_wpcf7cf_hidden_groups\" value=\"[]\" \/><input type=\"hidden\" name=\"_wpcf7cf_visible_groups\" value=\"[]\" \/><input type=\"hidden\" name=\"_wpcf7cf_repeaters\" value=\"[]\" \/><input type=\"hidden\" name=\"_wpcf7cf_steps\" value=\"{}\" \/><input type=\"hidden\" name=\"_wpcf7cf_options\" value=\"{&quot;form_id&quot;:2417,&quot;conditions&quot;:[],&quot;settings&quot;:{&quot;animation&quot;:&quot;yes&quot;,&quot;animation_intime&quot;:200,&quot;animation_outtime&quot;:200,&quot;conditions_ui&quot;:&quot;normal&quot;,&quot;notice_dismissed&quot;:false,&quot;repeater_remove_button&quot;:&quot;bottom&quot;,&quot;notice_dismissed_update-cf7-5.7.2&quot;:true}}\" \/><input type=\"hidden\" name=\"_wpcf7_recaptcha_response\" value=\"\" \/>\n<\/fieldset>\n<div class=\"subscribe\">\n\t<h2>Personalia\n\t<\/h2>\n\t<p>Voor- en achternaam <span class=\"wpcf7-form-control-wrap\" data-name=\"naam\"><input size=\"40\" maxlength=\"400\" class=\"wpcf7-form-control wpcf7-text wpcf7-validates-as-required\" aria-required=\"true\" aria-invalid=\"false\" placeholder=\"\" value=\"\" type=\"text\" name=\"naam\" \/><\/span>\n\t<\/p>\n\t<p>Geboortedatum <span class=\"wpcf7-form-control-wrap\" data-name=\"geboortedatum\"><input size=\"40\" maxlength=\"400\" class=\"wpcf7-form-control wpcf7-text wpcf7-validates-as-required\" aria-required=\"true\" aria-invalid=\"false\" placeholder=\"\" value=\"\" type=\"text\" name=\"geboortedatum\" \/><\/span>\n\t<\/p>\n\t<p>Geslacht <span class=\"wpcf7-form-control-wrap\" data-name=\"geslacht\"><span class=\"wpcf7-form-control wpcf7-checkbox wpcf7-validates-as-required wpcf7-exclusive-checkbox\"><span class=\"wpcf7-list-item first\"><input type=\"checkbox\" name=\"geslacht\" value=\"Man\" \/><span class=\"wpcf7-list-item-label\">Man<\/span><\/span><span class=\"wpcf7-list-item\"><input type=\"checkbox\" name=\"geslacht\" value=\"Vrouw\" \/><span class=\"wpcf7-list-item-label\">Vrouw<\/span><\/span><span class=\"wpcf7-list-item last\"><input type=\"checkbox\" name=\"geslacht\" value=\"Overig\" \/><span class=\"wpcf7-list-item-label\">Overig<\/span><\/span><\/span><\/span>\n\t<\/p>\n\t<p>Mobiel nummer #1 <span class=\"wpcf7-form-control-wrap\" data-name=\"mobiel1\"><input size=\"40\" maxlength=\"400\" class=\"wpcf7-form-control wpcf7-text wpcf7-validates-as-required\" aria-required=\"true\" aria-invalid=\"false\" placeholder=\"\" value=\"\" type=\"text\" name=\"mobiel1\" \/><\/span>\n\t<\/p>\n\t<p>Mobiel nummer #2 (optioneel) <span class=\"wpcf7-form-control-wrap\" data-name=\"mobiel2\"><input size=\"40\" maxlength=\"400\" class=\"wpcf7-form-control wpcf7-text\" aria-invalid=\"false\" placeholder=\"\" value=\"\" type=\"text\" name=\"mobiel2\" \/><\/span>\n\t<\/p>\n\t<p>E-mail <span class=\"wpcf7-form-control-wrap\" data-name=\"emailadres\"><input size=\"40\" maxlength=\"400\" class=\"wpcf7-form-control wpcf7-email wpcf7-validates-as-required wpcf7-text wpcf7-validates-as-email\" aria-required=\"true\" aria-invalid=\"false\" placeholder=\"\" value=\"\" type=\"email\" name=\"emailadres\" \/><\/span>\n\t<\/p>\n\t<h2>Voetbal\n\t<\/h2>\n\t<p>Ik ben een... <span class=\"wpcf7-form-control-wrap\" data-name=\"speler-keeper\"><span class=\"wpcf7-form-control wpcf7-checkbox wpcf7-validates-as-required wpcf7-exclusive-checkbox\"><span class=\"wpcf7-list-item first\"><input type=\"checkbox\" name=\"speler-keeper\" value=\"Speler\" \/><span class=\"wpcf7-list-item-label\">Speler<\/span><\/span><span class=\"wpcf7-list-item last\"><input type=\"checkbox\" name=\"speler-keeper\" value=\"Keeper\" \/><span class=\"wpcf7-list-item-label\">Keeper<\/span><\/span><\/span><\/span>\n\t<\/p>\n\t<p>Voetbalt bij <span class=\"wpcf7-form-control-wrap\" data-name=\"voetbalclub\"><input size=\"40\" maxlength=\"400\" class=\"wpcf7-form-control wpcf7-text wpcf7-validates-as-required\" aria-required=\"true\" aria-invalid=\"false\" placeholder=\"\" value=\"\" type=\"text\" name=\"voetbalclub\" \/><\/span>\n\t<\/p>\n\t<p>Team <span class=\"wpcf7-form-control-wrap\" data-name=\"team\"><input size=\"40\" maxlength=\"400\" class=\"wpcf7-form-control wpcf7-text wpcf7-validates-as-required\" aria-required=\"true\" aria-invalid=\"false\" placeholder=\"\" value=\"\" type=\"text\" name=\"team\" \/><\/span>\n\t<\/p>\n\t<p>Positie in het veld <span class=\"wpcf7-form-control-wrap\" data-name=\"positie\"><input size=\"40\" maxlength=\"400\" class=\"wpcf7-form-control wpcf7-text wpcf7-validates-as-required\" aria-required=\"true\" aria-invalid=\"false\" placeholder=\"\" value=\"\" type=\"text\" name=\"positie\" \/><\/span>\n\t<\/p>\n\t<h2>Trainingskeuze\n\t<\/h2>\n\t<p>Aantal deelnemers <span class=\"wpcf7-form-control-wrap\" data-name=\"aantaldeelnemers\"><select class=\"wpcf7-form-control wpcf7-select wpcf7-validates-as-required\" aria-required=\"true\" aria-invalid=\"false\" name=\"aantaldeelnemers\"><option value=\"\"><\/option><option value=\"1 persoon, 45 minuten: \u20ac40,-\">1 persoon, 45 minuten: \u20ac40,-<\/option><option value=\"2 personen, 60 minuten: \u20ac35 per persoon\">2 personen, 60 minuten: \u20ac35 per persoon<\/option><option value=\"3 t\/m 8 personen, 75 minuten: \u20ac30 per persoon\">3 t\/m 8 personen, 75 minuten: \u20ac30 per persoon<\/option><\/select><\/span>\n\t<\/p>\n\t<p>Dag van priv\u00e9training <span class=\"wpcf7-form-control-wrap\" data-name=\"gewenstedag\"><select class=\"wpcf7-form-control wpcf7-select wpcf7-validates-as-required\" aria-required=\"true\" aria-invalid=\"false\" name=\"gewenstedag\"><option value=\"Geen voorkeur\">Geen voorkeur<\/option><option value=\"Woensdag (altijd mogelijkheid, tot 17.30 uur)\">Woensdag (altijd mogelijkheid, tot 17.30 uur)<\/option><option value=\"Maandag (in overleg, tot 17.30 uur)\">Maandag (in overleg, tot 17.30 uur)<\/option><option value=\"Dinsdag (in overleg, tot 17.30 uur)\">Dinsdag (in overleg, tot 17.30 uur)<\/option><option value=\"Donderdag (in overleg, tot 17.30 uur)\">Donderdag (in overleg, tot 17.30 uur)<\/option><\/select><\/span>\n\t<\/p>\n\t<h2>Overige\n\t<\/h2>\n\t<p>Aanvullende info, opmerkingen of vragen (optioneel) <span class=\"wpcf7-form-control-wrap\" data-name=\"extra\"><textarea cols=\"40\" rows=\"10\" maxlength=\"2000\" class=\"wpcf7-form-control wpcf7-textarea\" aria-invalid=\"false\" placeholder=\"\" name=\"extra\"><\/textarea><\/span>\n\t<\/p>\n\t<div class=\"submit\">\n\t\t<p><input class=\"wpcf7-form-control wpcf7-submit has-spinner\" type=\"submit\" value=\"Verzenden\" \/>\n\t\t<\/p>\n\t<\/div>\n<\/div><div class=\"wpcf7-response-output\" aria-hidden=\"true\"><\/div>\n<\/form>\n<\/div>\n[\/vc_column][\/vc_row]<\/p>\n<\/section>","protected":false},"excerpt":{"rendered":"<p>[vc_row][vc_column][vc_custom_heading text=&#8221;Aanmelden priv\u00e9training&#8221; use_theme_fonts=&#8221;yes&#8221;][vc_separator][vc_column_text]Klik hier voor meer informatie over priv\u00e9trainingen bij Voetbalschool Uden.[\/vc_column_text][vc_separator][\/vc_column][\/vc_row][vc_row][vc_column][\/vc_column][\/vc_row]<\/p>\n","protected":false},"author":2,"featured_media":0,"parent":0,"menu_order":0,"comment_status":"closed","ping_status":"closed","template":"page-templates\/with-right-sidebar.php","meta":{"_custom_body_class":"","_custom_post_class":"","footnotes":""},"class_list":["post-4174","page","type-page","status-publish","hentry"],"yoast_head":"<!-- This site is optimized with the Yoast SEO plugin v27.5 - https:\/\/yoast.com\/product\/yoast-seo-wordpress\/ -->\n<title>Inschrijven priv\u00e9training - Voetbalschool Uden<\/title>\n<meta name=\"robots\" content=\"index, follow, max-snippet:-1, max-image-preview:large, max-video-preview:-1\" \/>\n<link rel=\"canonical\" href=\"https:\/\/www.voetbalschooluden.nl\/index.php\/inschrijven-privetraining\/\" \/>\n<meta property=\"og:locale\" content=\"nl_NL\" \/>\n<meta property=\"og:type\" content=\"article\" \/>\n<meta property=\"og:title\" content=\"Inschrijven priv\u00e9training - Voetbalschool Uden\" \/>\n<meta property=\"og:description\" content=\"[vc_row][vc_column][vc_custom_heading text=&#8221;Aanmelden priv\u00e9training&#8221; use_theme_fonts=&#8221;yes&#8221;][vc_separator][vc_column_text]Klik hier voor meer informatie over priv\u00e9trainingen bij Voetbalschool Uden.[\/vc_column_text][vc_separator][\/vc_column][\/vc_row][vc_row][vc_column][\/vc_column][\/vc_row]\" \/>\n<meta property=\"og:url\" content=\"https:\/\/www.voetbalschooluden.nl\/index.php\/inschrijven-privetraining\/\" \/>\n<meta property=\"og:site_name\" content=\"Voetbalschool Uden\" \/>\n<meta property=\"article:publisher\" content=\"https:\/\/www.facebook.com\/VoetbalschoolUden\" \/>\n<meta property=\"article:modified_time\" content=\"2020-06-07T16:24:19+00:00\" \/>\n<meta property=\"og:image\" content=\"https:\/\/www.voetbalschooluden.nl\/wp-content\/uploads\/2009\/09\/logo-vbs.jpg\" \/>\n\t<meta property=\"og:image:width\" content=\"886\" \/>\n\t<meta property=\"og:image:height\" content=\"350\" \/>\n\t<meta property=\"og:image:type\" content=\"image\/jpeg\" \/>\n<meta name=\"twitter:card\" content=\"summary_large_image\" \/>\n<meta name=\"twitter:site\" content=\"@voetbaluden\" \/>\n<script type=\"application\/ld+json\" class=\"yoast-schema-graph\">{\"@context\":\"https:\\\/\\\/schema.org\",\"@graph\":[{\"@type\":\"WebPage\",\"@id\":\"https:\\\/\\\/www.voetbalschooluden.nl\\\/index.php\\\/inschrijven-privetraining\\\/\",\"url\":\"https:\\\/\\\/www.voetbalschooluden.nl\\\/index.php\\\/inschrijven-privetraining\\\/\",\"name\":\"Inschrijven priv\u00e9training - Voetbalschool Uden\",\"isPartOf\":{\"@id\":\"https:\\\/\\\/www.voetbalschooluden.nl\\\/#website\"},\"datePublished\":\"2020-06-07T16:02:18+00:00\",\"dateModified\":\"2020-06-07T16:24:19+00:00\",\"breadcrumb\":{\"@id\":\"https:\\\/\\\/www.voetbalschooluden.nl\\\/index.php\\\/inschrijven-privetraining\\\/#breadcrumb\"},\"inLanguage\":\"nl-NL\",\"potentialAction\":[{\"@type\":\"ReadAction\",\"target\":[\"https:\\\/\\\/www.voetbalschooluden.nl\\\/index.php\\\/inschrijven-privetraining\\\/\"]}]},{\"@type\":\"BreadcrumbList\",\"@id\":\"https:\\\/\\\/www.voetbalschooluden.nl\\\/index.php\\\/inschrijven-privetraining\\\/#breadcrumb\",\"itemListElement\":[{\"@type\":\"ListItem\",\"position\":1,\"name\":\"Home\",\"item\":\"https:\\\/\\\/www.voetbalschooluden.nl\\\/\"},{\"@type\":\"ListItem\",\"position\":2,\"name\":\"Inschrijven priv\u00e9training\"}]},{\"@type\":\"WebSite\",\"@id\":\"https:\\\/\\\/www.voetbalschooluden.nl\\\/#website\",\"url\":\"https:\\\/\\\/www.voetbalschooluden.nl\\\/\",\"name\":\"Voetbalschool Uden\",\"description\":\"-\",\"publisher\":{\"@id\":\"https:\\\/\\\/www.voetbalschooluden.nl\\\/#organization\"},\"potentialAction\":[{\"@type\":\"SearchAction\",\"target\":{\"@type\":\"EntryPoint\",\"urlTemplate\":\"https:\\\/\\\/www.voetbalschooluden.nl\\\/?s={search_term_string}\"},\"query-input\":{\"@type\":\"PropertyValueSpecification\",\"valueRequired\":true,\"valueName\":\"search_term_string\"}}],\"inLanguage\":\"nl-NL\"},{\"@type\":\"Organization\",\"@id\":\"https:\\\/\\\/www.voetbalschooluden.nl\\\/#organization\",\"name\":\"Voetbalschool Uden\",\"url\":\"https:\\\/\\\/www.voetbalschooluden.nl\\\/\",\"logo\":{\"@type\":\"ImageObject\",\"inLanguage\":\"nl-NL\",\"@id\":\"https:\\\/\\\/www.voetbalschooluden.nl\\\/#\\\/schema\\\/logo\\\/image\\\/\",\"url\":\"http:\\\/\\\/www.voetbalschooluden.nl\\\/wp-content\\\/uploads\\\/2016\\\/09\\\/logo-voetbalschool-uden-1.png\",\"contentUrl\":\"http:\\\/\\\/www.voetbalschooluden.nl\\\/wp-content\\\/uploads\\\/2016\\\/09\\\/logo-voetbalschool-uden-1.png\",\"width\":350,\"height\":80,\"caption\":\"Voetbalschool Uden\"},\"image\":{\"@id\":\"https:\\\/\\\/www.voetbalschooluden.nl\\\/#\\\/schema\\\/logo\\\/image\\\/\"},\"sameAs\":[\"https:\\\/\\\/www.facebook.com\\\/VoetbalschoolUden\",\"https:\\\/\\\/x.com\\\/voetbaluden\",\"https:\\\/\\\/www.instagram.com\\\/voetbalschooluden\\\/\"]}]}<\/script>\n<!-- \/ Yoast SEO plugin. -->","yoast_head_json":{"title":"Inschrijven priv\u00e9training - Voetbalschool Uden","robots":{"index":"index","follow":"follow","max-snippet":"max-snippet:-1","max-image-preview":"max-image-preview:large","max-video-preview":"max-video-preview:-1"},"canonical":"https:\/\/www.voetbalschooluden.nl\/index.php\/inschrijven-privetraining\/","og_locale":"nl_NL","og_type":"article","og_title":"Inschrijven priv\u00e9training - Voetbalschool Uden","og_description":"[vc_row][vc_column][vc_custom_heading text=&#8221;Aanmelden priv\u00e9training&#8221; use_theme_fonts=&#8221;yes&#8221;][vc_separator][vc_column_text]Klik hier voor meer informatie over priv\u00e9trainingen bij Voetbalschool Uden.[\/vc_column_text][vc_separator][\/vc_column][\/vc_row][vc_row][vc_column][\/vc_column][\/vc_row]","og_url":"https:\/\/www.voetbalschooluden.nl\/index.php\/inschrijven-privetraining\/","og_site_name":"Voetbalschool Uden","article_publisher":"https:\/\/www.facebook.com\/VoetbalschoolUden","article_modified_time":"2020-06-07T16:24:19+00:00","og_image":[{"width":886,"height":350,"url":"https:\/\/www.voetbalschooluden.nl\/wp-content\/uploads\/2009\/09\/logo-vbs.jpg","type":"image\/jpeg"}],"twitter_card":"summary_large_image","twitter_site":"@voetbaluden","schema":{"@context":"https:\/\/schema.org","@graph":[{"@type":"WebPage","@id":"https:\/\/www.voetbalschooluden.nl\/index.php\/inschrijven-privetraining\/","url":"https:\/\/www.voetbalschooluden.nl\/index.php\/inschrijven-privetraining\/","name":"Inschrijven priv\u00e9training - Voetbalschool Uden","isPartOf":{"@id":"https:\/\/www.voetbalschooluden.nl\/#website"},"datePublished":"2020-06-07T16:02:18+00:00","dateModified":"2020-06-07T16:24:19+00:00","breadcrumb":{"@id":"https:\/\/www.voetbalschooluden.nl\/index.php\/inschrijven-privetraining\/#breadcrumb"},"inLanguage":"nl-NL","potentialAction":[{"@type":"ReadAction","target":["https:\/\/www.voetbalschooluden.nl\/index.php\/inschrijven-privetraining\/"]}]},{"@type":"BreadcrumbList","@id":"https:\/\/www.voetbalschooluden.nl\/index.php\/inschrijven-privetraining\/#breadcrumb","itemListElement":[{"@type":"ListItem","position":1,"name":"Home","item":"https:\/\/www.voetbalschooluden.nl\/"},{"@type":"ListItem","position":2,"name":"Inschrijven priv\u00e9training"}]},{"@type":"WebSite","@id":"https:\/\/www.voetbalschooluden.nl\/#website","url":"https:\/\/www.voetbalschooluden.nl\/","name":"Voetbalschool Uden","description":"-","publisher":{"@id":"https:\/\/www.voetbalschooluden.nl\/#organization"},"potentialAction":[{"@type":"SearchAction","target":{"@type":"EntryPoint","urlTemplate":"https:\/\/www.voetbalschooluden.nl\/?s={search_term_string}"},"query-input":{"@type":"PropertyValueSpecification","valueRequired":true,"valueName":"search_term_string"}}],"inLanguage":"nl-NL"},{"@type":"Organization","@id":"https:\/\/www.voetbalschooluden.nl\/#organization","name":"Voetbalschool Uden","url":"https:\/\/www.voetbalschooluden.nl\/","logo":{"@type":"ImageObject","inLanguage":"nl-NL","@id":"https:\/\/www.voetbalschooluden.nl\/#\/schema\/logo\/image\/","url":"http:\/\/www.voetbalschooluden.nl\/wp-content\/uploads\/2016\/09\/logo-voetbalschool-uden-1.png","contentUrl":"http:\/\/www.voetbalschooluden.nl\/wp-content\/uploads\/2016\/09\/logo-voetbalschool-uden-1.png","width":350,"height":80,"caption":"Voetbalschool Uden"},"image":{"@id":"https:\/\/www.voetbalschooluden.nl\/#\/schema\/logo\/image\/"},"sameAs":["https:\/\/www.facebook.com\/VoetbalschoolUden","https:\/\/x.com\/voetbaluden","https:\/\/www.instagram.com\/voetbalschooluden\/"]}]}},"_links":{"self":[{"href":"https:\/\/www.voetbalschooluden.nl\/index.php\/wp-json\/wp\/v2\/pages\/4174","targetHints":{"allow":["GET"]}}],"collection":[{"href":"https:\/\/www.voetbalschooluden.nl\/index.php\/wp-json\/wp\/v2\/pages"}],"about":[{"href":"https:\/\/www.voetbalschooluden.nl\/index.php\/wp-json\/wp\/v2\/types\/page"}],"author":[{"embeddable":true,"href":"https:\/\/www.voetbalschooluden.nl\/index.php\/wp-json\/wp\/v2\/users\/2"}],"replies":[{"embeddable":true,"href":"https:\/\/www.voetbalschooluden.nl\/index.php\/wp-json\/wp\/v2\/comments?post=4174"}],"version-history":[{"count":5,"href":"https:\/\/www.voetbalschooluden.nl\/index.php\/wp-json\/wp\/v2\/pages\/4174\/revisions"}],"predecessor-version":[{"id":4192,"href":"https:\/\/www.voetbalschooluden.nl\/index.php\/wp-json\/wp\/v2\/pages\/4174\/revisions\/4192"}],"wp:attachment":[{"href":"https:\/\/www.voetbalschooluden.nl\/index.php\/wp-json\/wp\/v2\/media?parent=4174"}],"curies":[{"name":"wp","href":"https:\/\/api.w.org\/{rel}","templated":true}]}}